lions digit of 4850371538?
4
What is the hundred thousands digit of 56594735?
5
What is the millions digit of 150024687?
0
What is the units digit of 21685486?
6
What is the tens digit of 202868733?
3
What is the thousands digit of 44036420?
6
What is the hundred thousands digit of 94992063?
9
What is the hundred thousands digit of 411515901?
5
What is the millions digit of 189610032?
9
What is the units digit of 1425850151?
1
What is the hundreds digit of 629337127?
1
What is the millions digit of 138459353?
8
What is the hundred millions digit of 1696116812?
6
What is the thousands digit of 70058482?
8
What is the ten thousands digit of 85519080?
1
What is the hundred millions digit of 1539233755?
5
What is the tens digit of 67547611?
1
What is the ten thousands digit of 39992625?
9
What is the ten millions digit of 177665236?
7
What is the hundred thousands digit of 268061145?
0
What is the ten millions digit of 91944408?
9
What is the millions digit of 289854207?
9
What is the ten thousands digit of 7916656?
1
What is the hundreds digit of 42606704?
7
What is the hundred millions digit of 1354612384?
3
What is the billions digit of 1050459764?
1
What is the hundred thousands digit of 1058043349?
0
What is the hundred millions digit of 493331957?
4
What is the hundred thousands digit of 4793335187?
3
What is the hundreds digit of 78000357?
3
What is the tens digit of 420756025?
2
What is the hundred thousands digit of 163231225?
2
What is the billions digit of 1114461565?
1
What is the thousands digit of 9291377?
1
What is the millions digit of 125980529?
5
What is the tens digit of 3539713893?
9
What is the thousands digit of 781781747?
1
What is the tens digit of 341907976?
7
What is the ten thousands digit of 4638537488?
3
What is the hundred millions digit of 449808144?
4
What is the millions digit of 742177313?
2
What is the ten millions digit of 718118913?
1
What is the billions digit of 1738432788?
1
What is the ten millions digit of 295257011?
9
What is the units digit of 463430258?
8
What is the ten thousands digit of 401428218?
2
What is the thousands digit of 80528458?
8
What is the hundred thousands digit of 987884495?
8
What is the ten millions digit of 5481863500?
8
What is the ten thousands digit of 1102469270?
6
What is the thousands digit of 25974730?
4
What is the hundred millions digit of 1561036729?
5
What is the millions digit of 1392654952?
2
What is the hundreds digit of 794522897?
8
What is the millions digit of 1443647130?
3
What is the thousands digit of 1082846278?
6
What is the hundreds digit of 793737144?
1
What is the ten millions digit of 112154595?
1
What is the ten thousands digit of 28413010?
1
What is the hundred thousands digit of 2883428551?
4
What is the units digit of 224182532?
2
What is the units digit of 509248886?
6
What is the ten thousands digit of 104353359?
5
What is the hundred thousands digit of 1453345181?
3
What is the thousands digit of 235947995?
7
What is the tens digit of 391577967?
6
What is the hundreds digit of 702838819?
8
What is the units digit of 464557526?
6
What is the ten millions digit of 61071351?
6
What is the thousands digit of 2153456993?
6
What is the units digit of 712111575?
5
What is the millions digit of 71091620?
1
What is the tens digit of 116237234?
3
What is the units digit of 29132721?
1
What is the billions digit of 4515365258?
4
What is the hundred thousands digit of 44214816?
2
What is the thousands digit of 533173268?
3
What is the hundred thousands digit of 2853836202?
8
What is the millions digit of 700981678?
0
What is the hundred thousands digit of 13652194?
6
What is the tens digit of 179048597?
9
What is the hundreds digit of 19897077?
0
What is the hundreds digit of 409603794?
7
What is the hundreds digit of 216997024?
0
What is the hundred thousands digit of 62062335?
0
What is the hundred millions digit of 394506901?
3
What is the hundreds digit of 18989033?
0
What is the hundreds digit of 190570739?
7
What is the units digit of 429504959?
9
What is the hundreds digit of 219286202?
2
What is the tens digit of 334223307?
0
What is the hundred thousands digit of 422663731?
6
What is the units digit of 80682422?
2
What is the thousands digit of 386708387?
8
What is the hundreds digit of 37183585?
5
What is the tens digit of 17009257?
5
What is the hundreds digit of 334909176?
1
What is the hundred millions digit of 547560435?
5
What is the ten thousands digit of 949592169?
9
What is the thousands digit of 92192268?
2
What is the ten thousands digit of 22281374?
8
What is the tens digit of 7441668?
6
What is the ten thousands digit of 1653109330?
0
What is the tens digit of 140027733?
3
What is the thousands digit of 2491737207?
7
What is the hundred millions digit of 241107765?
2
What is the billions digit of 1801196491?
1
What is the hundreds digit of 2475135528?
5
What is the thousands digit of 37239590?
9
What is the units digit of 216026188?
8
What is the hundreds digit of 57398853?
8
What is the tens digit of 111901672?
7
What is the tens digit of 10152340?
4
What is the millions digit of 13096606?
3
What is the thousands digit of 41834130?
4
What is the ten thousands digit of 322595040?
9
What is the ten millions digit of 2243243712?
4
What is the hundreds digit of 3856190846?
8
What is the units digit of 4291665255?
5
What is the thousands digit of 67932363?
2
What is the hundred thousands digit of 787084744?
0
What is the hundreds digit of 480294355?
3
What is the thousands digit of 1574764522?
4
What is the ten thousands digit of 1256811051?
1
What is the hundred millions digit of 307053995?
3
What is the ten thousands digit of 516561948?
6
What is the ten thousands digit of 987517889?
1
What is the hundred thousands digit of 373965767?
9
What is the hundreds digit of 16595713?
7
What is the hundred millions digit of 230252319?
2
What is the hundreds digit of 548934112?
1
What is the ten millions digit of 64173322?
6
What is the millions digit of 1345980954?
5
What is the tens digit of 92097797?
9
What is the ten thousands digit of 93058144?
5
What is the hundreds digit of 37445917?
9
What is the millions digit of 1915587060?
5
What is the ten thousands digit of 218954785?
5
What is the units digit of 407026677?
7
What is the tens digit of 2027246289?
8
What is the hundreds digit of 1549312917?
9
What is the hundreds digit of 522713360?
3
What is the thousands digit of 13386673?
6
What is the thousands digit of 2089187889?
7
What is the tens digit of 1849492635?
3
What is the millions digit of 86399195?
6
What is the thousands digit of 1292543439?
3
What is the units digit of 1404213196?
6
What is the units digit of 200912247?
7
What is the hundred thousands digit of 206340783?
3
What is the hundreds digit of 19013925?
9
What is the millions digit of 61461108?
1
What is the ten thousands digit of 274493286?
9
What is the hundred thousands digit of 714005412?
0
What is the hundred millions digit of 1964198109?
9
What is the units digit of 70303151?
1
What is the thousands digit of 38155451?
5
What is the millions digit of 69972837?
9
What is the ten thousands digit of 156351945?
5
What is the millions digit of 47160558?
7
What is the thousands digit of 118625112?
5
What is the hundreds digit of 723900694?
6
What is the ten thousands digit of 137153266?
5
What is the tens digit of 170516648?
4
What is the hundred thousands digit of 960383276?
3
What is the thousands digit of 56536172?
6
What is the tens digit of 19911146?
4
What is the units digit of 20354131?
1
What is the thousands digit of 905497273?
7
What is the ten thousands digit of 26215542?
1
What is the hundreds digit of 1046273163?
1
What is the units digit of 13558045?
5
What is the ten thousands digit of 691373137?
7
What is the millions digit of 1756752050?
6
What is the hundred thousands digit of 108484939?
4
What is the millions digit of 65355692?
5
What is the hundred thousands digit of 47079416?
0
What is the units digit of 69584473?
3
What is the hundred millions digit of 140224889?
1
What is the ten thousands digit of 2300750468?
5
What is the units digit of 2875251176?
6
What is the millions digit of 63499453?
3
What is the units digit of 201761285?
5
What is the ten th